{"id":79,"date":"2018-11-21T09:15:07","date_gmt":"2018-11-21T06:15:07","guid":{"rendered":"http:\/\/www.safariozelguvenlik.com.tr\/?page_id=79"},"modified":"2018-11-28T10:09:58","modified_gmt":"2018-11-28T07:09:58","slug":"temel-egitimi","status":"publish","type":"page","link":"https:\/\/www.safariozelguvenlik.com.tr\/index.php\/egitimler\/temel-egitimi\/","title":{"rendered":"TEMEL E\u011e\u0130T\u0130M \u015eARTLARI"},"content":{"rendered":"<p><strong>\u00d6zel G\u00fcvenlik Temel E\u011fitimi<\/strong><br \/>\n5188 Say\u0131l\u0131 Yasa gere\u011fince, \u00d6zel G\u00fcvenlik Hizmetlerinde istihdam edilecek personelin \u00d6ZEL G\u00dcVENL\u0130K E\u011e\u0130T\u0130M\u0130 almalar\u0131 gerekmektedir.<br \/>\n\u00d6zel G\u00fcvenlik G\u00f6revlisi olarak \u00e7al\u0131\u015fmak ve bu maksatla \u00d6zel G\u00fcvenlik G\u00f6revlisi kart\u0131 almak isteyen \u00d6zel G\u00fcvenlik G\u00f6revlisi adaylar\u0131n\u0131n mezuniyeti ve ya\u015f\u0131 \u00d6zel G\u00fcvenlik G\u00f6revlisi olmak i\u00e7in yeterli ise bu e\u011fitime kat\u0131labilirler.<br \/>\nSilahs\u0131z G\u00fcvenlik E\u011fitimleri 100 saat (16 g\u00fcn) Silahl\u0131 G\u00fcvenlik ise 110 saat (18 g\u00fcn )s\u00fcrmektedir. E\u011fitimi tamamlayan arkada\u015flar T\u00fcrkiye Genelinde yap\u0131lacak yaz\u0131l\u0131 s\u0131nav\u0131na girecekler ve s\u0131navda ba\u015far\u0131l\u0131 olmalar\u0131 halinde \u0130\u00e7i\u015fleri Bakanl\u0131\u011f\u0131\u2019ndan \u00d6ZEL G\u00dcVENL\u0130K E\u011e\u0130T\u0130M SERT\u0130F\u0130KASI alacaklard\u0131r.<br \/>\nSilahs\u0131z E\u011fitim Hakk\u0131nda t\u00fcm bilgilendirmeleri a\u015fa\u011f\u0131da bulabilirsiniz.<br \/>\nKAYIT \u0130\u00c7\u0130N GEREKL\u0130 EVRAKLAR:<br \/>\n\uf0a7 Silahs\u0131z\/Silahl\u0131 \u00d6zel G\u00fcvenlik Olur \u0130bareli Sa\u011fl\u0131k Raporu<br \/>\n\uf0a7 6 Adet Resim<br \/>\n\uf0a7 \u0130kametgah Belgesi<br \/>\n\uf0a7 Diploma Fotokopisi<br \/>\n\uf0a7 N\u00fcfus C\u00fczdan\u0131 Fotokopisi<br \/>\nKAYIT \u015eARTLARI:<br \/>\n\uf0a7 En az ortaokul veya (8) y\u0131ll\u0131k ilk\u00f6\u011fretim okulu mezunu olmak,<br \/>\n\uf0a7 18 ya\u015f\u0131n\u0131 doldurmu\u015f olmak(Silahs\u0131z) 21 ya\u015f\u0131n\u0131 doldurmu\u015f olmak(Silahl\u0131)<br \/>\n\uf0a7 Sab\u0131kas\u0131z olmak,<br \/>\n\uf0a7 Sa\u011fl\u0131k Problemi olmamak,<br \/>\nSINAV TAR\u0130H\u0130: Y\u0131ll\u0131k s\u0131nav takvimine g\u00f6re belirlenecektir.<\/p>\n<p>E\u011e\u0130T\u0130M\u0130N \u0130\u00c7ER\u0130\u011e\u0130:<br \/>\n\uf0a7 \u00d6zel G\u00fcvenlik Hukuku ve Ki\u015fi Haklar\u0131<br \/>\n\uf0a7 G\u00fcvenlik Tedbirleri<br \/>\n\uf0a7 G\u00fcvenlik Sistem ve Cihazlar\u0131<br \/>\n\uf0a7 Temel \u0130lkyard\u0131m<br \/>\n\uf0a7 Olay Yeri Koruma<br \/>\n\uf0a7 Yang\u0131n G\u00fcvenli\u011fi ve Tabii Felaketlerde M\u00fcdahale Tarz\u0131<br \/>\n\uf0a7 Etkili \u0130leti\u015fim<br \/>\n\uf0a7 Kalabal\u0131k Y\u00f6netimi<br \/>\n\uf0a7 Ki\u015fi Koruma<br \/>\n\uf0a7 Uyu\u015fturucu Madde bilgisi, dersleri verilmektedir. E\u011fitim Kadromuz 5188 Say\u0131l\u0131 kanun ve uygulama y\u00f6netmeli\u011finin istedi\u011fi niteliklere sahip, konusunda uzman personelden olu\u015fmaktad\u0131r.<\/p>\n","protected":false},"excerpt":{"rendered":"<p>\u00d6zel G\u00fcvenlik Temel E\u011fitimi 5188 Say\u0131l\u0131 Yasa gere\u011fince, \u00d6zel G\u00fcvenlik Hizmetlerinde istihdam edilecek personelin \u00d6ZEL G\u00dcVENL\u0130K E\u011e\u0130T\u0130M\u0130 almalar\u0131 gerekmektedir. \u00d6zel G\u00fcvenlik G\u00f6revlisi olarak \u00e7al\u0131\u015fmak ve bu maksatla \u00d6zel G\u00fcvenlik G\u00f6revlisi kart\u0131 almak isteyen \u00d6zel G\u00fcvenlik G\u00f6revlisi adaylar\u0131n\u0131n mezuniyeti ve ya\u015f\u0131 \u00d6zel G\u00fcvenlik G\u00f6revlisi olmak i\u00e7in yeterli ise bu e\u011fitime kat\u0131labilirler. Silahs\u0131z G\u00fcvenlik E\u011fitimleri 100 saat &hellip; <\/p>\n<p class=\"link-more\"><a href=\"https:\/\/www.safariozelguvenlik.com.tr\/index.php\/egitimler\/temel-egitimi\/\" class=\"more-link\">Okumaya devam et<span class=\"screen-reader-text\"> &#8220;TEMEL E\u011e\u0130T\u0130M \u015eARTLARI&#8221;<\/span><\/a><\/p>\n","protected":false},"author":1,"featured_media":0,"parent":32,"menu_order":0,"comment_status":"closed","ping_status":"closed","template":"","meta":{"footnotes":""},"class_list":["post-79","page","type-page","status-publish","hentry"],"_links":{"self":[{"href":"https:\/\/www.safariozelguvenlik.com.tr\/index.php\/wp-json\/wp\/v2\/pages\/79","targetHints":{"allow":["GET"]}}],"collection":[{"href":"https:\/\/www.safariozelguvenlik.com.tr\/index.php\/wp-json\/wp\/v2\/pages"}],"about":[{"href":"https:\/\/www.safariozelguvenlik.com.tr\/index.php\/wp-json\/wp\/v2\/types\/page"}],"author":[{"embeddable":true,"href":"https:\/\/www.safariozelguvenlik.com.tr\/index.php\/wp-json\/wp\/v2\/users\/1"}],"replies":[{"embeddable":true,"href":"https:\/\/www.safariozelguvenlik.com.tr\/index.php\/wp-json\/wp\/v2\/comments?post=79"}],"version-history":[{"count":4,"href":"https:\/\/www.safariozelguvenlik.com.tr\/index.php\/wp-json\/wp\/v2\/pages\/79\/revisions"}],"predecessor-version":[{"id":315,"href":"https:\/\/www.safariozelguvenlik.com.tr\/index.php\/wp-json\/wp\/v2\/pages\/79\/revisions\/315"}],"up":[{"embeddable":true,"href":"https:\/\/www.safariozelguvenlik.com.tr\/index.php\/wp-json\/wp\/v2\/pages\/32"}],"wp:attachment":[{"href":"https:\/\/www.safariozelguvenlik.com.tr\/index.php\/wp-json\/wp\/v2\/media?parent=79"}],"curies":[{"name":"wp","href":"https:\/\/api.w.org\/{rel}","templated":true}]}}